
False
Is 392 a factor of 112951?
False
Is 233036 a multiple of 298?
True
Is 3 a factor of 109854?
True
Does 14 divide 23969019?
False
Is 21570468 a multiple of 142?
False
Does 46 divide 2641179?
False
Is 21 a factor of 21420?
True
Is 81345 a multiple of 5?
True
Is 5 a factor of 898615?
True
Is 45 a factor of 2075130?
True
Is 398939 a multiple of 9?
False
Is 192 a factor of 2105698?
False
Is 10 a factor of 4740720?
True
Is 117400 a multiple of 84?
False
Does 35 divide 7221422?
False
Is 86075 a multiple of 5?
True
Is 47 a factor of 959411?
True
Is 670264 a multiple of 8?
True
Is 605 a multiple of 55?
True
Does 27 divide 1232209?
False
Is 70788 a multiple of 17?
True
Is 13 a factor of 9835137?
True
Is 25 a factor of 7784875?
True
Is 681450 a multiple of 550?
True
Is 3 a factor of 5544?
True
Is 9 a factor of 17694?
True
Is 23 a factor of 929108?
True
Does 534 divide 962189?
False
Does 178 divide 91700?
False
Is 2117 a multiple of 3?
False
Does 23 divide 331145?
False
Is 495 a factor of 5742990?
True
Is 371462 a multiple of 169?
True
Is 114376 a multiple of 232?
True
Does 106 divide 691341?
False
Does 13 divide 18686384?
False
Is 2190320 a multiple of 284?
False
Does 5 divide 2050473?
False
Is 176 a factor of 222288?
True
Is 57071 a multiple of 7?
True
Is 8 a factor of 9541?
False
Is 2 a factor of 27792?
True
Is 336 a factor of 522480?
True
Is 157 a factor of 11495201?
False
Is 5668192 a multiple of 321?
False
Does 9 divide 187380?
True
Is 389180 a multiple of 4?
True
Is 11 a factor of 3302354?
True
Is 251449 a multiple of 529?
False
Does 12 divide 779509?
False
Is 10216754 a multiple of 158?
True
Does 22 divide 319611?
False
Does 202 divide 229270?
True
Does 743 divide 4284200?
False
Is 17 a factor of 277236?
True
Is 182834 a multiple of 20?
False
Is 21 a factor of 640021?
False
Is 22986250 a multiple of 370?
True
Does 2 divide 32204?
True
Does 377 divide 6666275?
False
Is 45368 a multiple of 286?
False
Does 8 divide 86000?
True
Is 60478 a multiple of 38?
False
Does 105 divide 58380?
True
Does 119 divide 61031?
False
Does 218 divide 7969862?
True
Does 15 divide 3404226?
False
Does 6 divide 260874?
True
Is 15 a factor of 3835290?
True
Is 423 a factor of 10487439?
True
Is 53 a factor of 1074416?
True
Is 4176524 a multiple of 22?
True
Does 14 divide 6050747?
False
Is 4891 a multiple of 503?
False
Does 34 divide 27506?
True
Is 19 a factor of 7260470?
True
Is 1860327 a multiple of 567?
True
Does 19 divide 424232?
True
Is 792846 a multiple of 18?
True
Is 2056659 a multiple of 3?
True
Is 516311 a multiple of 21?
False
Is 314457 a multiple of 74?
False
Is 152740 a multiple of 4?
True
Is 285 a factor of 901396?
False
Does 128 divide 143539?
False
Is 307 a factor of 54646?
True
Is 281145 a multiple of 15?
True
Is 399024 a multiple of 17?
True
Is 17 a factor of 5155198?
False
Is 462 a factor of 385308?
True
Is 115199 a multiple of 101?
False
Does 472 divide 2284480?
True
Is 1302513 a multiple of 17?
False
Does 139 divide 5769339?
False
Is 316 a factor of 10428?
True
Does 131 divide 515485?
True
Is 682 a factor of 4880392?
True
Is 60 a factor of 190560?
True
Is 2506328 a multiple of 1173?
False
Does 47 divide 1947586?
True
Does 20 divide 105736?
False
Does 12 divide 333576?
True
Is 4420845 a multiple of 495?
True
Is 507 a factor of 5120193?
True
Does 6 divide 12932927?
False
Is 1446731 a multiple of 126?
False
Is 641 a factor of 457033?
True
Is 50 a factor of 2190327?
False
Is 280 a factor of 352800?
True
Does 29 divide 11593?
False
Does 83 divide 135456?
True
Is 270619 even?
False
Is 6 a factor of 3593454?
True
Is 8074350 a multiple of 918?
False
Is 894436 a multiple of 311?
True
Does 424 divide 2593604?
False
Is 129840 a multiple of 16?
True
Is 21 a factor of 153935?
False
Is 216 a factor of 23432061?
False
Is 1098437 a multiple of 47?
True
Does 449 divide 1738977?
True
Does 22 divide 3238510?
True
Does 3 divide 1449?
True
Does 34 divide 3372936?
True
Is 3 a factor of 1038554?
False
Is 6 a factor of 2074440?
True
Does 794 divide 6083628?
True
Is 203 a factor of 38140?
False
Is 17 a factor of 1973432?
False
Is 167751 a multiple of 2?
False
Is 5 a factor of 477740?
True
Does 8 divide 59280?
True
Is 25 a factor of 67075?
True
Does 2 divide 1368977?
False
Is 1628774 a multiple of 15?
False
Is 133104 a multiple of 8?
True
Does 151 divide 50485?
False
Is 1784774 a multiple of 16?
False
Is 37 a factor of 85285?
True
Is 1443116 a multiple of 402?
False
Is 117 a factor of 75816?
True
Does 10 divide 221995?
False
Does 3 divide 9966?
True
Does 143 divide 30050?
False
Does 11 divide 813370?
False
Does 7 divide 131180?
True
Does 52 divide 647812?
False
Is 2223040 a multiple of 32?
True
Is 60 a factor of 2292300?
True
Is 52 a factor of 2847208?
True
Is 15 a factor of 255239?
False
Does 26 divide 447460?
True
Does 173 divide 2206123?
False
Does 94 divide 8481531?
False
Is 222 a factor of 7202838?
False
Is 31304 a multiple of 43?
True
Is 529 a factor of 7792699?
True
Does 11 divide 4421384?
True
Is 593 a factor of 11857035?
True
Is 49280 a multiple of 11?
True
Is 19 a factor of 8691739?
False
Does 671 divide 4328162?
False
Is 171 a factor of 995391?
True
Is 16 a factor of 2861120?
True
Does 3 divide 10778?
False
Is 12 a factor of 4205712?
True
Is 54194 a multiple of 379?
False
Does 282 divide 1103565?
False
Is 71595 a multiple of 387?
True
Is 2522702 a multiple of 334?
True
Is 103 a factor of 4919280?
True
Does 497 divide 710710?
True
Does 35 divide 142098?
False
Is 1720455 a multiple of 165?
True
Does 26 divide 3373526?
True
Is 10766 a multiple of 21?
False
Is 475980 a multiple of 12?
True
Is 133110 a multiple of 170?
True
Is 608324 a multiple of 27?
False
Does 43 divide 1000266?
True
Is 1315640 a multiple of 8?
True
Is 3 a factor of 94?
False
Is 12121 a multiple of 63?
False
Is 8 a factor of 10616?
True
Does 82 divide 893554?
True
Is 12 a factor of 196440?
True
Does 3 divide 2535?
True
Is 8880 a multiple of 12?
True
Does 10 divide 7298230?
True
Does 106 divide 178663?
False
Does 9 divide 1944333?
True
Does 6 divide 2203505?
False
Is 156 a factor of 26647?
False
Is 137 a factor of 140829?
False
Is 68456 a multiple of 4?
True
Is 31 a factor of 1550300?
False
Is 720 a factor of 1833120?
True
Does 15 divide 699668?
False
Is 30 a factor of 1450800?
True
Is 498462 a multiple of 23?
False
Is 285804 a multiple of 36?
True
Is 3834 a multiple of 7?
False
Is 577 a factor of 2310308?
True
Does 13 divide 190567?
True
Is 378 a factor of 94478?
False
Is 473 a factor of 371305?
True
Is 24 a factor of 252602?
False
Is 30 a factor of 6359159?
False
Does 32 divide 242882?
False
Is 22792900 a multiple of 20?
True
Is 309164 a multiple of 38?
False
Is 22 a factor of 55264?
True
Is 23 a factor of 199650?
False
Does 318 divide 2862?
True
Does 80 divide 625788?
False
Is 7123143 a multiple of 249?
True
Does 12 divide 35702?
False
Is 52 a factor of 412430?
False
Is 12319580 a multiple of 980?
True
Does 11 divide 1121450?
True
Does 35 divide 377076?
False
Does 154 divide 3522936?
False
Is 5797298 a multiple of 761?
True
Is 52 a factor of 4433052?
True
Is 54896 a multiple of 752?
True
Is 4863513 a multiple of 17?
True
Does 556 divide 5699000?
True
Is 5 a factor of 429375?
True
Does 6 divide 2305896?
True
Does 41 divide 2321830?
True
Is 6974389 a multiple of 607?
False
Is 9 a factor of 125235?
True
Does 6 divide 11749654?
False
Is 11 a factor of 34188?
True
Is 185333 a multiple of 60?
False
Is 33 a factor of 2275680?
True
Is 594864 a multiple of 408?
True
Is 18 a factor of 705450?
False
Is 165 a factor of 9758595?
True
Is 18424005 a multiple of 52?
False
Does 12 divide 94804?
False
Is 3379600 a multiple of 710?
True
Does 379 divide 526431?
True
Does 7 divide 616?
True
Is 262015 a multiple of 19?
False
Is 1890 even?
True
Does 14 divide 14597?
False
Is 24 a factor of 5459976?
True
Is 1098146 a multiple of 19?
False
Is 1736980 a multiple of 140?
True
Is 21 a factor of 1579075?
False
Is 941790 a multiple of 332?
False
Is 132 a factor of 849629?
False
Is 658 a factor of 8465170?
True
Does 5 divide 875862?
False
Is 215694 a multiple of 39?
False
Is 1345124 a multiple of 22?
True
Is 27 a factor of 136215?
True
Does 8 divide 8349?
False
Is 1788617 a multiple of 176?
False
Is 9380837 a multiple of 269?
